121)/(-4)*(-1300)/(-715) is divided by (-3 + 0)/((-1)/5).
10
Let r(x) = x + 5. Suppose -5 - 1 = -3*v. Suppose v*k + 4*j = 22, -45 = -3*k + 3*j - 12. What is the remainder when r(k) is divided by 13?
3
Let s(j) = 2*j**2 + 55*j + 353. Calculate the remainder when 471 is divided by s(-18).
9
Let k be (-24)/(332/68 + -5). Let u = k + -165. Calculate the remainder when (-928)/(-6) - (-2)/6 is divided by u.
38
Suppose -8*a = -3*a - 28*a + 273654. What is the remainder when a is divided by 85?
83
Let b = -342 - -332. Calculate the remainder when (-2 - b/6)/(9/(-567)) is divided by 8.
5
Let d(t) = -t**3 + t**2 - 27*t + 20. Calculate the remainder when d(-7) is divided by 552.
49
Let m(p) = -270*p + 3535. What is the remainder when 109 is divided by m(13)?
9
Suppose i - 11 = 3*t - 172, 3*i - 2*t + 511 = 0. Let j = i - -114. Let q = j + 138. What is the remainder when q is divided by 27?
25
Let g(i) be the third derivative of i**6/120 + 11*i**5/30 + 37*i**4/24 - 5*i**2 - i. Calculate the remainder when g(-20) is divided by 50.
10
What is the remainder when ((-2)/14 + 18405/(-35))/(-2) is divided by 19?
16
Suppose -42*g + 568 = -1406. Calculate the remainder when 318 is divided by g.
36
What is the remainder when (-1 + 7 - 2) + 2 is divided by -32 + 15*(-333)/(-135)?
1
Let p(r) = -4*r**2 + 252*r + 264. Let y be 2/3 - 34/(-3). Suppose 10 = t - y. What is the remainder when t is divided by p(64)?
6
Let s(z) = 9*z**2 + 33*z - 591. What is the remainder when 722 is divided by s(7)?
74
Let x = -122247 + 122518. Let w = 16 + -3. Calculate the remainder when x is divided by w.
11
Suppose 2*l = -0*o + 5*o + 216, -2*o - 4*l - 96 = 0. Let s = 96 + o. What is the remainder when 101 is divided by s?
49
Let i = 27 - -43. Let b(r) = 953*r - 115. Calculate the remainder when b(1) is divided by i.
68
Let x be 95/(-57)*(0 - 18/10). Suppose 2*f - 37 = x. What is the remainder when 78 is divided by f?
18
Let d(c) = 2*c - 57. Let u be d(0). Let n = u + 19. Let q = n + 75. Calculate the remainder when 183 is divided by q.
35
Let w = 3445 - -287. What is the remainder when w is divided by 3?
0
Let a(d) = 16*d. Let c(g) = g**2 + 3*g + 3. Let j be c(-3). Let o = -27 + 52. Calculate the remainder when a(j) is divided by o.
23
Let k(r) = 185*r + 2823. Calculate the remainder when 1/1 - 1390/(-5) is divided by k(-15).
39
Let p be 67656/32 + (3 - 52/16). Suppose 0 = 188*h - 202*h + p. Calculate the remainder when h is divided by 60.
31
Suppose 221 = o + 4*o + 4*p, -2*p = -4*o + 182. Let a(r) = 37*r + 388. Let v(k) = 54*k + 44. Let d be v(-1). Calculate the remainder when o is divided by a(d).
9
Let s = -11 + 26. Let y(j) = -6*j**3 + j**2 - 3*j - 3. Let t be y(-1). Calculate the remainder when 1*(-172)/(t + -9) is divided by s.
11
Suppose -607*z = -608*z + 1251. Let t = 1257 - z. Calculate the remainder when (-1 - (-15)/(-2))*-2 is divided by t.
5
Suppose 6*k = -16*k - 12188. Let i = k + 575. What is the remainder when (-2)/3 + (-376)/(-6) is divided by i?
20
Let b = 14084 + -14042. What is the remainder when 5667 is divided by b?
39
Let c be 54/((-18)/153 - (-79)/238). Let j = 280 - c. Calculate the remainder when 81 is divided by j.
25
What is the remainder when 418 is divided by -7*(8 + 4 + -34 + -7)?
12
Let w = -28281 - -28573. Calculate the remainder when w is divided by 49.
47
Suppose 0 = -2*m + 5*z + 93 + 65, 4*m + z = 272. Let i(v) = -2*v - 30. Let c = 54 - 78. What is the remainder when m is divided by i(c)?
15
Let d(j) = 2*j**2 + 28*j - 6. Let l be d(-13). Let r be (15 + (1 - 1))/(l - -33). What is the remainder when 1*-15*r/(-3) is divided by 3?
0
Suppose 2*p + 0*p = 0. Suppose -146 = -41*t - 23. Suppose t*b + 4*b - 140 = p. What is the remainder when b is divided by 13?
7
Let s(q) = 3*q**2 - 126*q + 261. Calculate the remainder when s(40) is divided by 17.
4
Suppose -4472 = -54*y + 8002. Calculate the remainder when y is divided by 6.
3
Calculate the remainder when ((-880)/(-140))/(-22) - 4/((-84)/24219) is divided by 33.
31
Suppose -14*b + 11*b = 8*r - 111, 0 = 2*b + 5*r - 76. What is the remainder when b is divided by (10/4 + -1)*6?
8
Let a = -451 + 744. Let n(o) = 3*o**2 + 28*o - 6. What is the remainder when a is divided by n(-10)?
13
Suppose -3907 = -2*n + 11*s - 6*s, 6*s = n - 1929. What is the remainder when n is divided by 5?
1
Let s(d) = -24*d + 55*d - 30*d. Suppose -t = 5*z - 56, z = 4*t - t + 8. What is the remainder when s(42) is divided by z?
9
Suppose 0 = -358*u + 288*u + 29426 + 13204. Calculate the remainder when u is divided by 72.
33
Let h(k) be the third derivative of k**5/60 + k**3/2 + 22*k**2 + 5*k. What is the remainder when 101 is divided by h(0)?
2
Let r = -297 - -671. Suppose -r = -12*q + q. What is the remainder when 129 is divided by q?
27
Let j(p) = -3*p - 8 + 9 + 9*p - 21 + p**2. Let t(g) = 7*g**3 - 5*g**2 + 2*g + 2. Calculate the remainder when j(-17) is divided by t(2).
41
Suppose 3*a = 12 + 18. Let n = 29 + a. Suppose -5*d = 4 - n. What is the remainder when 20 is divided by d?
6
Suppose 0 = 3*d - 2*n - 447, 4*d - 160 - 438 = 2*n. Suppose 6*r = 269 + 43. What is the remainder when d is divided by r?
47
Suppose -4*z - 2*h + 1153 = 267, 0 = -3*h + 9. Calculate the remainder when z is divided by 15.
10
Let o(h) = -h**3 + 14*h + 112. Calculate the remainder when o(-8) is divided by 247.
18
Suppose 4*j + 4 = 0, -5*j + 0*j = 4*v - 5423. What is the remainder when v is divided by 17?
14
Suppose -12007 - 31193 = -18*p. What is the remainder when p is divided by 18?
6
Suppose n = -2*o + 194 + 19, 0 = -o - 2*n + 111. Suppose 0 = -k + l + o, k - 3*l + l - 100 = 0. Calculate the remainder when k is divided by -1 + 39/1 + 0.
34
Suppose 919*f = 915*f + 1412. What is the remainder when f is divided by 104?
41
Suppose 3*u - 2 = u - n, -3*u - n = -4. Calculate the remainder when (u + 2)*63/4 is divided by 22.
19
Suppose -14456 = -33*i + 1847 + 3662. What is the remainder when i is divided by 22?
11
Suppose -4*x + 23 + 46 + 131 = 0. Calculate the remainder when 1748 is divided by x.
48
Suppose 3*p + 90 = 3*o, 91*p = 94*p + 15. What is the remainder when 321 is divided by o?
21
Let q be (-21)/(-6)*-2 + 1. Suppose -h = 3*g - 46, 4*h + 5*g - 134 = 3*g. Calculate the remainder when (-551)/q + 4/24 is divided by h.
30
Suppose 53*q - 145*q = -736. Calculate the remainder when 377 is divided by q.
1
Suppose -823 = -7*x - 711. What is the remainder when 79 is divided by x?
15
Let l(f) = 6*f + 9. Let p be l(-10). Let d(r) = -17*r + 8. Let m be d(-3). Let z = p + m. Calculate the remainder when z is divided by 2.
0
Suppose -3*f = 5*f - 1368. What is the remainder when f is divided by (-42)/84 + (-119)/(-2)?
53
Suppose 2*f + 578 = 3*q, 0*f + 934 = 5*q + 4*f. Let p = q + -183. Suppose -m + 15 = -b, m + 55 = 4*m + 2*b. What is the remainder when m is divided by p?
3
Let i = 2431 - 1074. Calculate the remainder when i is divided by 8.
5
What is the remainder when 64/(-104) + (-101565)/(-585) is divided by 170?
3
Suppose 5*q - 1459 + 119 = 0. Suppose -5*p + 4*r + 185 = 0, -2*p + 2*r - 36 = -106. What is the remainder when q is divided by p?
43
Let q be 4 - ((-2)/6 - (-192)/36). Let k be 20/5 + (-1 - q). Suppose 2*o - 70 = -k*m, 4*o + 3*m - 255 = -100. Calculate the remainder when o is divided by 15.
11
Calculate the remainder when 73 is divided by (-678)/(-12) + 3/(-6).
17
Let f(t) = -2*t + 428. What is the remainder when f(16) is divided by 100?
96
Suppose -22*s + 25365 = 226*s + 19*s. What is the remainder when 568 is divided by s?
93
Suppose -3717*k + 16968 = -3675*k. Calculate the remainder when k is divided by 15.
14
Let x(s) = s**3 - 8*s**2 - 3*s - 34. What is the remainder when 6 - (5 - 0 - 71) is divided by x(9)?
12
Let b = -258574 + 259008. Calculate the remainder when b is divided by (-92)/(-6) + (-1)/3.
14
Let v(w) = -21*w - 38. Let i be v(-2). Let p(a) = -5*a**3 + 21*a**2 - 2*a + 6. Calculate the remainder when 16 is divided by p(i).
2
What is the remainder when -6*(-10993)/14 - (2 - 24/14) is divided by 12?
7
Let m(i) = 2*i**2 - i - 10. Let g be m(-5). Suppose g*c - 18 = 43*c. What is the remainder when 26 is divided by c?
8
Suppose -5 = -y + 2. Suppose -y*t - 96 = -278. What is the remainder when t is divided by (-14)/(-5)*(0 + 5)?
12
Let t(i) = -i + 13